 common divisor of m and 48?
12
Let d be (-6)/5*4965/(-662). Calculate the greatest common divisor of 166 and d.
1
Let k be 38399/9804 - (26/24*-1 - -1). What is the highest common divisor of 484 and k?
4
Suppose 139*p = -38387 + 99641 + 92758. What is the highest common factor of 1 and p?
1
Let d be (-3)/1*8/(-300) + (-24198)/(-25). What is the highest common factor of d and 176?
88
Suppose -41316 + 159116 = 76*j. What is the highest common factor of 62 and j?
62
Let l be (4 - (-162)/9) + (-15)/(-9)*3. What is the greatest common factor of 99 and l?
9
Let k(x) = x**3 + 6*x**2 + 2*x + 8. Let w be k(-6). Let s be (13 - 3)/((-2)/w). Suppose 0 = -18*h + 12*h + 480. Calculate the highest common divisor of s and h.
20
Suppose 115*a - 856 = 64. Suppose 2 + 2 = 4*g. What is the greatest common divisor of g and a?
1
Let o(s) = s**3 + 16 - s**3 + 16*s**2 - 13*s - s**3. Let c be o(15). Suppose 3*g - 68 = -f, -3*g + c = -g + f. What is the greatest common factor of 33 and g?
11
Let f(u) = -2*u**2 - 40*u - 19. Let s be f(-18). Suppose -216 = -s*j + 45*j. What is the greatest common divisor of j and 171?
9
Let d be (-34)/51 + (-50)/(-3). Suppose -2*j = -q + d, -j + 128 = 5*q + j. Suppose -40 = -2*i + q. Calculate the greatest common factor of i and 224.
32
Suppose 320*l - 2692 = -1092. Suppose 0 = i - 2*i + 10. Calculate the greatest common factor of l and i.
5
Suppose -226 = -17*h - 22. Let n(g) = -g**2 + 22*g - 15. Let b be n(h). Let r = b + -81. Calculate the greatest common divisor of 18 and r.
6
Let k(c) = 13 + c**3 + 4*c**3 + c**2 - c - 13. Let w be k(2). Suppose 0 = 15*v - 13*v - w. What is the highest common factor of v and 168?
21
Let s be (3950100/1800)/(6/8 - 0). What is the greatest common factor of s and 190?
38
Let v(d) = d**2 + 11*d + 78. Let n be v(-8). Suppose -4*f = 4*g - 944, 5*g = 3*f - f - 458. Calculate the greatest common divisor of f and n.
18
Let h = -4244 + 4249. Calculate the greatest common divisor of h and 10.
5
Suppose 2*y - 5216 = -2*l, 0 = 5*l + 389*y - 385*y - 13036. What is the greatest common divisor of 84 and l?
84
Let v(y) = 3*y**3 - 48*y**2 - 39*y + 111. Let g be v(17). What is the greatest common factor of 1380 and g?
15
Let r be (-342)/(-27) + (-4)/6. Let b(z) = 7*z**2 - 32*z - 75. Let m be b(-3). Calculate the highest common divisor of r and m.
12
Let w(n) = 19*n**2 - n. Let t be w(-1). Let i be (-166)/(-6)*-6*(-8 + 7). Let l = i + -66. What is the highest common divisor of t and l?
20
Let w be 6582 - -1 - 3/(15/(-65)). Calculate the greatest common factor of 2 and w.
2
Let l = -39 - -12. Let v = l - -41. Suppose 16 = 16*q - v*q. What is the greatest common divisor of q and 12?
4
Suppose -3*r + 0*h = 5*h - 1507, 2*r - 1003 = -3*h. Let a be -7 - 1 - (73 + -107). What is the highest common factor of r and a?
26
Let j be (486/(-5))/3*30/(-18). What is the highest common factor of j and 2?
2
Let u = -5 + 6. Let o = 20 + -22. Let x be -6*(o/((-6)/7) - 3). Calculate the greatest common divisor of x and u.
1
Let m(g) = g + 67 + 8*g + 2*g. Let y be m(-6). Let x(p) = 32*p**2 + 5*p - 5. Let k be x(y). What is the greatest common divisor of k and 80?
16
Suppose -54*d = 14*d - 3332. Calculate the highest common factor of d and 371.
7
Let s(z) = 9*z - 9. Suppose k - 3 = 0, 6*k = -3*v + 4*k + 39. Let r be s(v). Calculate the greatest common factor of r and 900.
90
Let l = -187 - -190. Let d be (2 + l)/((-2)/(-54)) + -3. What is the highest common factor of 198 and d?
66
Suppose -5*k = -2*y + 789, -5*y = -6*y - 5*k + 372. What is the highest common factor of y and 43?
43
Let k = 245437 - 245339. Let b(f) = -111*f + 1. Let u be b(-1). Calculate the greatest common factor of u and k.
14
Let c be (-3 - -3)/3 + 93. Let j be (14973/138)/(21/6). What is the greatest common divisor of c and j?
31
Suppose 8 = 4*t, 4*y - t + 4*t = 1238. What is the highest common divisor of y and 42?
14
Let q(t) = -t**2 + 10*t + 61. Let s be q(14). Suppose -94 = -s*b - 3*u + 89, -4*b = u - 145. What is the greatest common factor of 396 and b?
36
Suppose 4*z + 3*r - 4414 = -1206, 3*r = -12. Calculate the highest common factor of 483 and z.
161
Suppose -7*u + 494 = -451. Let c be 3 + -1 - 2 - -40. Suppose 5*f + 2*w - 65 = 0, -3*f + 15 = -2*w - c. Calculate the highest common factor of f and u.
15
Suppose -3*m = 3, -4*w - m + 82908 - 22789 = 0. Calculate the highest common factor of 36 and w.
18
Suppose 4*z - 131 = -3*d, 2*z - 35 - 38 = -3*d. Suppose -18 = -4*h - 5*f + 38, -5*h + 4*f + z = 0. Calculate the highest common divisor of h and 63.
9
Let x(f) = 50*f + 5. Let n be x(7). Let w(d) = -d**3 + 60*d**2 + 67*d - 361. Let s be w(61). Calculate the greatest common factor of s and n.
5
Let m(r) = -2*r**3 - 93*r**2 - 131*r + 208. Let j be m(-45). Calculate the highest common factor of 2660 and j.
28
Let y be 1499 + 9*(-8)/(-8). What is the greatest common divisor of 364 and y?
52
Suppose -88 = 5*w + 377. Let y = w + 98. Let a be (-5)/(1 - (-10)/(-8)). Calculate the highest common divisor of y and a.
5
Let w be (-991392)/(-69) - (-6 - 1 - (-2 - -2)). What is the highest common factor of 23 and w?
23
Suppose 0*d + 675 = 5*d. Suppose 11*c - d = 2*c. Suppose 21 = 3*b - c. Calculate the highest common divisor of b and 96.
12
Let p(w) = -w**3 + 27*w**2 - 19*w + 221. Let m be p(13). Suppose 5*t - 35*t = -m. Calculate the greatest common divisor of t and 12.
6
Let z(f) = -2*f**3 - 21*f**2 - 68*f + 26. Let t be z(-6). What is the greatest common divisor of t and 1694?
22
Let k = 10896 + -7394. What is the highest common divisor of k and 2678?
206
Suppose -238 + 303 = -5*r - 5*p, 2*r + 51 = 3*p. Let l = 75 + -48. Let d = l + r. Calculate the highest common divisor of d and 99.
9
Suppose -236*d + 210*d + 21481 = -101941. What is the highest common factor of 303 and d?
101
Let s = 23 - -76. Let z be (-352)/4*-1*(-18 + 351/18). Calculate the highest common factor of s and z.
33
Suppose -3612 = -27*q + 978. Let o be ((-306)/(-15))/((-3)/(-10)). Calculate the greatest common factor of o and q.
34
Let h be 204/(-20) + 2/10. Let i = h - -27. Suppose -5*z = -2*z - 51. What is the greatest common divisor of z and i?
17
Suppose -8*l + 6*l + 3*m + 27 = 0, -4*l = -5*m - 49. Let q be (407*(-3)/l)/(6/(-12)). What is the greatest common divisor of 37 and q?
37
Let s = -424 + 680. Let h be (-50)/(-3) + (-10)/15. What is the highest common divisor of s and h?
16
Suppose -2*y = -5 - 15. Suppose -24*q - 150 = -29*q. What is the greatest common divisor of q and y?
10
Let x = 886 - 884. Let v be 52 - (1170/(-378) - x/(-21)). Calculate the greatest common divisor of v and 1.
1
Let m be (-4)/3*(-33)/22 - 24. Let k be (-1)/(-2)*-3*m/33. Let f be k/3 - 406/(-42). Calculate the greatest common divisor of 40 and f.
10
Let y = 521 - 164. Calculate the greatest common divisor of y and 112.
7
Let x = 1780 - 1774. Calculate the greatest common divisor of 57 and x.
3
Let h be (-73 - -74)/((0 - -1)/4). Suppose -2*j - 62 = -h*p, -2*p + j - 44 = -5*p. What is the highest common divisor of p and 85?
5
Suppose 72*v = 1291 + 521 - 588. What is the highest common factor of 221 and v?
17
Suppose -2*g + 80 = 3*m, -3*g - 100 = -2*g - 110. Suppose -y = -5 + 12. Let k = 3 - y. Calculate the greatest common divisor of m and k.
10
Let k be 10/540*-6 + (-343)/(-9). Calculate the greatest common factor of k and 4351.
19
Let w(j) = -61*j - 9. Let a be w(-19). Suppose 5*h - 3*z - 1718 = -282, -3*z = -4*h + a. Calculate the highest common divisor of h and 26.
26
Suppose 12*g + 528 = -912. Let f = g + 296. What is the highest common divisor of 22 and f?
22
Suppose -808*h = -825*h + 5695. What is the greatest common factor of 45 and h?
5
Let q be 260/(-325)*1190/(-1). What is the highest common divisor of q and 17?
17
Let b = 2791 + -2783. Let g(a) = -3*a + 2 - 5*a - a**2 - 2 + 4. Let s be g(-6). What is the highest common divisor of s and b?
8
Suppose -154*f + 11440 = -143*f. What is the greatest common factor of 320 and f?
80
Let w = 28421 - 28019. Calculate the highest common factor of 228 and w.
6
Let u(k) = 20*k + 3. Let j be u(5). Suppose -98*o + 5 = -j*o. Let r(c) = 82*c**2 + 4*c + 2. Let t be r(o). Calculate the highest common factor of 32 and t.
16
Let u = 27292 + -27183. What is the greatest common factor of